{"id":79,"date":"2021-09-15T13:35:17","date_gmt":"2021-09-15T11:35:17","guid":{"rendered":"https:\/\/vincentgag.wordpress.com\/?page_id=79"},"modified":"2024-12-10T13:47:01","modified_gmt":"2024-12-10T13:47:01","slug":"massages","status":"publish","type":"page","link":"https:\/\/karunatherapie.com\/?page_id=79","title":{"rendered":"Th\u00e9rapie"},"content":{"rendered":"\t\t<div data-elementor-type=\"wp-page\" data-elementor-id=\"79\" class=\"elementor elementor-79\">\n\t\t\t\t\t\t\t\t\t<section class=\"elementor-section elementor-top-section elementor-element elementor-element-dff6844 elementor-section-boxed elementor-section-height-default elementor-section-height-default\" data-id=\"dff6844\" data-element_type=\"section\">\n\t\t\t\t\t\t<div class=\"elementor-container elementor-column-gap-default\">\n\t\t\t\t\t<div class=\"elementor-column elementor-col-100 elementor-top-column elementor-element elementor-element-d46f20a\" data-id=\"d46f20a\" data-element_type=\"column\">\n\t\t\t<div class=\"elementor-widget-wrap elementor-element-populated\">\n\t\t\t\t\t\t\t\t<div class=\"elementor-element elementor-element-8eca73e elementor-align-center elementor-widget elementor-widget-button\" data-id=\"8eca73e\" data-element_type=\"widget\" data-settings=\"{&quot;_animation&quot;:&quot;none&quot;}\" data-widget_type=\"button.default\">\n\t\t\t\t<div class=\"elementor-widget-container\">\n\t\t\t\t\t<div class=\"elementor-button-wrapper\">\n\t\t\t<a href=\"https:\/\/app.terap.ch\/booking\/761\" target=\"_blank\" class=\"elementor-button-link elementor-button elementor-size-lg\" role=\"button\">\n\t\t\t\t\t\t<span class=\"elementor-button-content-wrapper\">\n\t\t\t\t\t\t<span class=\"elementor-button-text\">R\u00e9server votre s\u00e9ance maintenant<\/span>\n\t\t<\/span>\n\t\t\t\t\t<\/a>\n\t\t<\/div>\n\t\t\t\t<\/div>\n\t\t\t\t<\/div>\n\t\t\t\t<div class=\"elementor-element elementor-element-b418422 elementor-widget-divider--view-line elementor-widget elementor-widget-divider\" data-id=\"b418422\" data-element_type=\"widget\" data-widget_type=\"divider.default\">\n\t\t\t\t<div class=\"elementor-widget-container\">\n\t\t\t<style>\/*! elementor - v3.7.8 - 02-10-2022 *\/\n.elementor-widget-divider{--divider-border-style:none;--divider-border-width:1px;--divider-color:#2c2c2c;--divider-icon-size:20px;--divider-element-spacing:10px;--divider-pattern-height:24px;--divider-pattern-size:20px;--divider-pattern-url:none;--divider-pattern-repeat:repeat-x}.elementor-widget-divider .elementor-divider{display:-webkit-box;display:-ms-flexbox;display:flex}.elementor-widget-divider .elementor-divider__text{font-size:15px;line-height:1;max-width:95%}.elementor-widget-divider .elementor-divider__element{margin:0 var(--divider-element-spacing);-ms-flex-negative:0;flex-shrink:0}.elementor-widget-divider .elementor-icon{font-size:var(--divider-icon-size)}.elementor-widget-divider .elementor-divider-separator{display:-webkit-box;display:-ms-flexbox;display:flex;margin:0;direction:ltr}.elementor-widget-divider--view-line_icon .elementor-divider-separator,.elementor-widget-divider--view-line_text .elementor-divider-separator{-webkit-box-align:center;-ms-flex-align:center;align-items:center}.elementor-widget-divider--view-line_icon .elementor-divider-separator:after,.elementor-widget-divider--view-line_icon .elementor-divider-separator:before,.elementor-widget-divider--view-line_text .elementor-divider-separator:after,.elementor-widget-divider--view-line_text .elementor-divider-separator:before{display:block;content:\"\";border-bottom:0;-webkit-box-flex:1;-ms-flex-positive:1;flex-grow:1;border-top:var(--divider-border-width) var(--divider-border-style) var(--divider-color)}.elementor-widget-divider--element-align-left .elementor-divider .elementor-divider-separator>.elementor-divider__svg:first-of-type{-webkit-box-flex:0;-ms-flex-positive:0;flex-grow:0;-ms-flex-negative:100;flex-shrink:100}.elementor-widget-divider--element-align-left .elementor-divider-separator:before{content:none}.elementor-widget-divider--element-align-left .elementor-divider__element{margin-left:0}.elementor-widget-divider--element-align-right .elementor-divider .elementor-divider-separator>.elementor-divider__svg:last-of-type{-webkit-box-flex:0;-ms-flex-positive:0;flex-grow:0;-ms-flex-negative:100;flex-shrink:100}.elementor-widget-divider--element-align-right .elementor-divider-separator:after{content:none}.elementor-widget-divider--element-align-right .elementor-divider__element{margin-right:0}.elementor-widget-divider:not(.elementor-widget-divider--view-line_text):not(.elementor-widget-divider--view-line_icon) .elementor-divider-separator{border-top:var(--divider-border-width) var(--divider-border-style) var(--divider-color)}.elementor-widget-divider--separator-type-pattern{--divider-border-style:none}.elementor-widget-divider--separator-type-pattern.elementor-widget-divider--view-line .elementor-divider-separator,.elementor-widget-divider--separator-type-pattern:not(.elementor-widget-divider--view-line) .elementor-divider-separator:after,.elementor-widget-divider--separator-type-pattern:not(.elementor-widget-divider--view-line) .elementor-divider-separator:before,.elementor-widget-divider--separator-type-pattern:not([class*=elementor-widget-divider--view]) .elementor-divider-separator{width:100%;min-height:var(--divider-pattern-height);-webkit-mask-size:var(--divider-pattern-size) 100%;mask-size:var(--divider-pattern-size) 100%;-webkit-mask-repeat:var(--divider-pattern-repeat);mask-repeat:var(--divider-pattern-repeat);background-color:var(--divider-color);-webkit-mask-image:var(--divider-pattern-url);mask-image:var(--divider-pattern-url)}.elementor-widget-divider--no-spacing{--divider-pattern-size:auto}.elementor-widget-divider--bg-round{--divider-pattern-repeat:round}.rtl .elementor-widget-divider .elementor-divider__text{direction:rtl}.e-container>.elementor-widget-divider{width:var(--container-widget-width,100%);--flex-grow:var(--container-widget-flex-grow,0)}<\/style>\t\t<div class=\"elementor-divider\">\n\t\t\t<span class=\"elementor-divider-separator\">\n\t\t\t\t\t\t<\/span>\n\t\t<\/div>\n\t\t\t\t<\/div>\n\t\t\t\t<\/div>\n\t\t\t\t\t<\/div>\n\t\t<\/div>\n\t\t\t\t\t\t\t<\/div>\n\t\t<\/section>\n\t\t\t\t<section class=\"elementor-section elementor-top-section elementor-element elementor-element-08f13d3 elementor-section-boxed elementor-section-height-default elementor-section-height-default\" data-id=\"08f13d3\" data-element_type=\"section\">\n\t\t\t\t\t\t<div class=\"elementor-container elementor-column-gap-default\">\n\t\t\t\t\t<div class=\"elementor-column elementor-col-100 elementor-top-column elementor-element elementor-element-d548d26\" data-id=\"d548d26\" data-element_type=\"column\">\n\t\t\t<div class=\"elementor-widget-wrap elementor-element-populated\">\n\t\t\t\t\t\t\t\t<div class=\"elementor-element elementor-element-4ac580d elementor-widget elementor-widget-heading\" data-id=\"4ac580d\" data-element_type=\"widget\" data-widget_type=\"heading.default\">\n\t\t\t\t<div class=\"elementor-widget-container\">\n\t\t\t<style>\/*! elementor - v3.7.8 - 02-10-2022 *\/\n.elementor-heading-title{padding:0;margin:0;line-height:1}.elementor-widget-heading .elementor-heading-title[class*=elementor-size-]>a{color:inherit;font-size:inherit;line-height:inherit}.elementor-widget-heading .elementor-heading-title.elementor-size-small{font-size:15px}.elementor-widget-heading .elementor-heading-title.elementor-size-medium{font-size:19px}.elementor-widget-heading .elementor-heading-title.elementor-size-large{font-size:29px}.elementor-widget-heading .elementor-heading-title.elementor-size-xl{font-size:39px}.elementor-widget-heading .elementor-heading-title.elementor-size-xxl{font-size:59px}<\/style><h2 class=\"elementor-heading-title elementor-size-default\">La m\u00e9decine Ayurv\u00e9dique<\/h2>\t\t<\/div>\n\t\t\t\t<\/div>\n\t\t\t\t<div class=\"elementor-element elementor-element-9500f67 elementor-widget elementor-widget-text-editor\" data-id=\"9500f67\" data-element_type=\"widget\" data-widget_type=\"text-editor.default\">\n\t\t\t\t<div class=\"elementor-widget-container\">\n\t\t\t<style>\/*! elementor - v3.7.8 - 02-10-2022 *\/\n.elementor-widget-text-editor.elementor-drop-cap-view-stacked .elementor-drop-cap{background-color:#818a91;color:#fff}.elementor-widget-text-editor.elementor-drop-cap-view-framed .elementor-drop-cap{color:#818a91;border:3px solid;background-color:transparent}.elementor-widget-text-editor:not(.elementor-drop-cap-view-default) .elementor-drop-cap{margin-top:8px}.elementor-widget-text-editor:not(.elementor-drop-cap-view-default) .elementor-drop-cap-letter{width:1em;height:1em}.elementor-widget-text-editor .elementor-drop-cap{float:left;text-align:center;line-height:1;font-size:50px}.elementor-widget-text-editor .elementor-drop-cap-letter{display:inline-block}<\/style>\t\t\t\t<p>La m\u00e9decine ayurv\u00e9dique est une m\u00e9decine mill\u00e9naire originaire de la vall\u00e9e de l\u2019Indus, dans le nord de l\u2019Inde.<\/p><p><br><\/p>\n<p>Cette m\u00e9decine est holistique, c\u2019est-\u00e0-dire qu\u2019elle prend en compte toutes les dimensions de l\u2019\u00eatre humain. Elle propose un diagnostic plus pouss\u00e9 que la m\u00e9decine conventionnelle et permet d&#8217;\u00e9tablir des liens de cause \u00e0 effet entre les diff\u00e9rentes dimensions de la personne.<\/p><p><br><\/p>\n<p>L\u2019approche de la m\u00e9decine ayurv\u00e9dique est \u00e0 la fois pr\u00e9ventive et curative. Gr\u00e2ce \u00e0 divers outils th\u00e9rapeutiques, elle aide \u00e0 retrouver l&#8217;\u00e9quilibre pour une sant\u00e9 globale, physique, mentale et spirituelle.<\/p>\t\t\t\t\t\t<\/div>\n\t\t\t\t<\/div>\n\t\t\t\t<div class=\"elementor-element elementor-element-091c9a8 elementor-widget elementor-widget-heading\" data-id=\"091c9a8\" data-element_type=\"widget\" data-widget_type=\"heading.default\">\n\t\t\t\t<div class=\"elementor-widget-container\">\n\t\t\t<h2 class=\"elementor-heading-title elementor-size-default\">La nutrition<\/h2>\t\t<\/div>\n\t\t\t\t<\/div>\n\t\t\t\t<div class=\"elementor-element elementor-element-0f0e9fe elementor-widget elementor-widget-text-editor\" data-id=\"0f0e9fe\" data-element_type=\"widget\" data-widget_type=\"text-editor.default\">\n\t\t\t\t<div class=\"elementor-widget-container\">\n\t\t\t\t\t\t\t<p>Ayant moi-m\u00eame \u00e9t\u00e9 sujet \u00e0 de gros probl\u00e8mes digestifs , j\u2019ai \u00e9tudi\u00e9<br>et exp\u00e9riment\u00e9 diverses approches nutritionnelles.<\/p>\n<p><br><\/p>\n<p>\u00c0 ce jour, l\u2019Ayurveda reste pour moi la plus compl\u00e8te.<\/p>\n<p><\/p>\n<p>Selon la m\u00e9decine ayurv\u00e9dique, toute maladie d\u00e9coule d\u2019un<br>d\u00e9s\u00e9quilibre du syst\u00e8me digestif. Elle a donc d\u00e9velopp\u00e9 une<br>connaissance approfondie du syst\u00e8me digestif et des troubles<br>associ\u00e9s. <br><\/p>\n<p><br><\/p>\n<p>C&#8217;est pourquoi j&#8217;en ai fais ma sp\u00e9cialit\u00e9 et accompagne aujourd&#8217;hui plusieurs personnes ayant des troubles digestifs ou cherchant \u00e0 d\u00e9velopper une meilleure relation \u00e0 leur alimentation.<br><\/p>\n<p><br><\/p>\n<p><\/p>\n<div><br><\/div>\n<div>Mon approche s&#8217;int\u00e8gre toujours dans une vision holistique et je travail avec plusieurs outils tel que l&#8217;hygi\u00e8ne de vie et le yoga pour retrouver un \u00e9quilibre globale.<br><\/div>\n<p><\/p>\t\t\t\t\t\t<\/div>\n\t\t\t\t<\/div>\n\t\t\t\t<div class=\"elementor-element elementor-element-c00d34f elementor-widget elementor-widget-heading\" data-id=\"c00d34f\" data-element_type=\"widget\" data-widget_type=\"heading.default\">\n\t\t\t\t<div class=\"elementor-widget-container\">\n\t\t\t<h2 class=\"elementor-heading-title elementor-size-default\">l'Hygi\u00e8ne de vie<\/h2>\t\t<\/div>\n\t\t\t\t<\/div>\n\t\t\t\t<div class=\"elementor-element elementor-element-4e15b3b elementor-widget elementor-widget-text-editor\" data-id=\"4e15b3b\" data-element_type=\"widget\" data-widget_type=\"text-editor.default\">\n\t\t\t\t<div class=\"elementor-widget-container\">\n\t\t\t\t\t\t\t<p>L&#8217;hygi\u00e8ne de vie est un pilier fondamental de la m\u00e9decine ayurv\u00e9dique. Des<br>rituels matinaux dynamisants aux habitudes apaisantes du soir, chaque<br>conseil vise \u00e0 cultiver un mode de vie sain et \u00e9quilibr\u00e9.<\/p><p><br><\/p>\n<p><\/p>\n<p>C\u2019est souvent dans les actions quotidiennes qu\u2019un d\u00e9s\u00e9quilibre<br>se cr\u00e9e et retrouver des habitudes saines et r\u00e9guli\u00e8res a un impact<br>immense sur la sant\u00e9.<\/p>\n<p><\/p>\t\t\t\t\t\t<\/div>\n\t\t\t\t<\/div>\n\t\t\t\t<div class=\"elementor-element elementor-element-50f0c23 elementor-widget elementor-widget-heading\" data-id=\"50f0c23\" data-element_type=\"widget\" data-widget_type=\"heading.default\">\n\t\t\t\t<div class=\"elementor-widget-container\">\n\t\t\t<h2 class=\"elementor-heading-title elementor-size-default\">La Yoga-Th\u00e9rapie<\/h2>\t\t<\/div>\n\t\t\t\t<\/div>\n\t\t\t\t<div class=\"elementor-element elementor-element-cc8a701 elementor-widget elementor-widget-text-editor\" data-id=\"cc8a701\" data-element_type=\"widget\" data-widget_type=\"text-editor.default\">\n\t\t\t\t<div class=\"elementor-widget-container\">\n\t\t\t\t\t\t\t<p>La yoga-th\u00e9rapie consid\u00e8re chaque individu dans sa globalit\u00e9, incluant les dimensions physique, mentale et spirituelle. Il n\u2019est pas n\u00e9cessaire d\u2019\u00eatre souple ou sportif pour pratiquer le yoga.&nbsp;<\/p>\n<p><\/p>\n<p>Novice ou exp\u00e9riment\u00e9, je m\u2019adapte aux besoin de chacun pour trouver les postures, respirations et m\u00e9ditations ad\u00e9quates. La pratique devient ainsi un moteur pour laa sant\u00e9 physique, \u00e9motionnelle et spirituelle.<\/p>\n<p><\/p>\t\t\t\t\t\t<\/div>\n\t\t\t\t<\/div>\n\t\t\t\t<div class=\"elementor-element elementor-element-1454edf elementor-widget elementor-widget-heading\" data-id=\"1454edf\" data-element_type=\"widget\" data-widget_type=\"heading.default\">\n\t\t\t\t<div class=\"elementor-widget-container\">\n\t\t\t<h2 class=\"elementor-heading-title elementor-size-default\">Massage Karunatherapie<\/h2>\t\t<\/div>\n\t\t\t\t<\/div>\n\t\t\t\t<div class=\"elementor-element elementor-element-b6eefe3 elementor-widget elementor-widget-text-editor\" data-id=\"b6eefe3\" data-element_type=\"widget\" data-widget_type=\"text-editor.default\">\n\t\t\t\t<div class=\"elementor-widget-container\">\n\t\t\t\t\t\t\t<p>Le massage que je pratique se passe habill\u00e9 et au sol. Il s\u2019inspire de la vision th\u00e9rapeutique de l\u2019Ayurveda, qui consid\u00e8re le corps de mani\u00e8re holistique et personnalis\u00e9e. En combinant les \u00e9tirements doux et les pressions du massage tha\u00eflandais, il int\u00e8gre aussi une approche ost\u00e9opathique douce pour r\u00e9\u00e9quilibrer le corps.<\/p><p><br><\/p>\n<p><\/p>\n<p>Ce soin lib\u00e8re les tensions en profondeur, stimule la circulation et <br>r\u00e9-harmonise les \u00e9nergies.<\/p><p><br><\/p>\n<p><\/p>\n<p>Une exp\u00e9rience unique et sur mesure, d\u00e9di\u00e9e <br>\u00e0 r\u00e9pondre \u00e0 vos besoins sp\u00e9cifiques.<\/p>\n<p><\/p>\t\t\t\t\t\t<\/div>\n\t\t\t\t<\/div>\n\t\t\t\t\t<\/div>\n\t\t<\/div>\n\t\t\t\t\t\t\t<\/div>\n\t\t<\/section>\n\t\t\t\t\t\t\t<\/div>\n\t\t","protected":false},"excerpt":{"rendered":"<p>R\u00e9server votre s\u00e9ance maintenant La m\u00e9decine Ayurv\u00e9dique La m\u00e9decine ayurv\u00e9dique est une m\u00e9decine mill\u00e9naire originaire de la vall\u00e9e de l\u2019Indus, dans le nord de l\u2019Inde. Cette m\u00e9decine est holistique, c\u2019est-\u00e0-dire qu\u2019elle prend en compte toutes les dimensions de l\u2019\u00eatre humain. Elle propose un diagnostic plus pouss\u00e9 que la m\u00e9decine conventionnelle et permet d&#8217;\u00e9tablir des liens<a class=\"more-link\" href=\"https:\/\/karunatherapie.com\/?page_id=79\">Continue reading <span class=\"screen-reader-text\">&#8220;Th\u00e9rapie&#8221;<\/span><\/a><\/p>\n","protected":false},"author":2,"featured_media":0,"parent":0,"menu_order":0,"comment_status":"closed","ping_status":"closed","template":"","meta":{"_eb_attr":"","_monsterinsights_skip_tracking":false,"_monsterinsights_sitenote_active":false,"_monsterinsights_sitenote_note":"","_monsterinsights_sitenote_category":0},"aioseo_notices":[],"_links":{"self":[{"href":"https:\/\/karunatherapie.com\/index.php?rest_route=\/wp\/v2\/pages\/79"}],"collection":[{"href":"https:\/\/karunatherapie.com\/index.php?rest_route=\/wp\/v2\/pages"}],"about":[{"href":"https:\/\/karunatherapie.com\/index.php?rest_route=\/wp\/v2\/types\/page"}],"author":[{"embeddable":true,"href":"https:\/\/karunatherapie.com\/index.php?rest_route=\/wp\/v2\/users\/2"}],"replies":[{"embeddable":true,"href":"https:\/\/karunatherapie.com\/index.php?rest_route=%2Fwp%2Fv2%2Fcomments&post=79"}],"version-history":[{"count":23,"href":"https:\/\/karunatherapie.com\/index.php?rest_route=\/wp\/v2\/pages\/79\/revisions"}],"predecessor-version":[{"id":1248,"href":"https:\/\/karunatherapie.com\/index.php?rest_route=\/wp\/v2\/pages\/79\/revisions\/1248"}],"wp:attachment":[{"href":"https:\/\/karunatherapie.com\/index.php?rest_route=%2Fwp%2Fv2%2Fmedia&parent=79"}],"curies":[{"name":"wp","href":"https:\/\/api.w.org\/{rel}","templated":true}]}}